{"id":2420,"date":"2023-04-28T18:30:41","date_gmt":"2023-04-28T18:30:41","guid":{"rendered":"https:\/\/www.publicaciones.unam.mx\/bibliotecadechapulin\/?page_id=2420"},"modified":"2026-04-22T22:29:56","modified_gmt":"2026-04-22T22:29:56","slug":"directorio","status":"publish","type":"page","link":"https:\/\/www.publicaciones.unam.mx\/bibliotecadechapulin\/index.php\/directorio\/","title":{"rendered":"Directorio"},"content":{"rendered":"<section class=\"wpb-content-wrapper\">[vc_row][vc_column][vc_column_text]\n<h2 style=\"text-align: center;\"><span style=\"font-size: 24pt;\"><strong>Universidad Nacional Aut\u00f3noma de M\u00e9xico<\/strong><\/span><\/h2>\n<p style=\"text-align: center;\">Dr. Leonardo Lomel\u00ed Vanegas<br \/>\n<strong>Rector<\/strong><\/p>\n<p style=\"text-align: center;\">Dra. Patricia Dolores D\u00e1vila Aranda<br \/>\n<strong>Secretaria General<\/strong><\/p>\n<p style=\"text-align: center;\">Mtro. Hugo Alejandro Concha Cant\u00fa<br \/>\n<strong>Abogado General<\/strong><\/p>\n<p style=\"text-align: center;\">Mtro. Tom\u00e1s Humberto Rubio P\u00e9rez<br \/>\n<strong>Secretario Administrativo<\/strong><\/p>\n<p style=\"text-align: center;\">Dra. Diana Tamara Mart\u00ednez Ruiz<br \/>\n<strong>Secretaria de Desarrollo Institucional<\/strong><\/p>\n<p style=\"text-align: center;\">Dr. Manuel Palma Rangel<br \/>\n<strong>Secretario de Prevenci\u00f3n y Apoyo a la Movilidad y Seguridad Universitaria<\/strong><\/p>\n<p style=\"text-align: center;\"><strong>Coordinaci\u00f3n de Humanidades<\/strong><\/p>\n<p style=\"text-align: center;\">Dr. Miguel Armando L\u00f3pez Leyva<br \/>\n<strong>Coordinador de Humanidades<\/strong><\/p>\n<p style=\"text-align: center;\">Dra. Mar\u00eda Andrea Giovine Y\u00e1\u00f1ez<br \/>\n<strong>Directora del Instituto de Investigaciones Bibliogr\u00e1ficas <\/strong><\/p>\n<p style=\"text-align: center;\"><strong>Coordinaci\u00f3n de Difusi\u00f3n Cultural<\/strong><\/p>\n<p style=\"text-align: center;\">Dra. Rosa Beltr\u00e1n \u00c1lvarez<br \/>\n<strong>Coordinadora de Difusi\u00f3n Cultural<\/strong><\/p>\n<p style=\"text-align: center;\">Mtra. Socorro Venegas P\u00e9rez<br \/>\n<strong>Directora General\u00a0de Publicaciones y Fomento Editorial<\/strong><\/p>\n<p>&nbsp;<\/p>\n<p>&nbsp;<\/p>\n[\/vc_column_text][\/vc_column][\/vc_row]\n<\/section>","protected":false},"excerpt":{"rendered":"<p>[vc_row][vc_column][vc_column_text] Universidad Nacional Aut\u00f3noma de M\u00e9xico Dr. Leonardo Lomel\u00ed Vanegas Rector Dra. Patricia Dolores D\u00e1vila Aranda Secretaria General Mtro. Hugo Alejandro Concha Cant\u00fa Abogado General Mtro. Tom\u00e1s Humberto Rubio P\u00e9rez Secretario Administrativo Dra. Diana Tamara Mart\u00ednez Ruiz Secretaria de Desarrollo Institucional Dr. Manuel Palma Rangel Secretario de Prevenci\u00f3n y Apoyo a la Movilidad y Seguridad Universitaria Coordinaci\u00f3n de Humanidades Dr. Miguel Armando L\u00f3pez Leyva Coordinador de Humanidades Dra. Mar\u00eda Andrea Giovine Y\u00e1\u00f1ez Directora del Instituto de Investigaciones Bibliogr\u00e1ficas Coordinaci\u00f3n de Difusi\u00f3n Cultural Dra. Rosa Beltr\u00e1n \u00c1lvarez Coordinadora de Difusi\u00f3n Cultural Mtra. Socorro Venegas P\u00e9rez Directora General\u00a0de Publicaciones y Fomento Editorial &nbsp; &nbsp; [\/vc_column_text][\/vc_column][\/vc_row]<\/p>\n","protected":false},"author":1,"featured_media":0,"parent":0,"menu_order":0,"comment_status":"closed","ping_status":"closed","template":"","meta":{"footnotes":""},"class_list":["post-2420","page","type-page","status-publish","hentry"],"acf":[],"_links":{"self":[{"href":"https:\/\/www.publicaciones.unam.mx\/bibliotecadechapulin\/index.php\/wp-json\/wp\/v2\/pages\/2420","targetHints":{"allow":["GET"]}}],"collection":[{"href":"https:\/\/www.publicaciones.unam.mx\/bibliotecadechapulin\/index.php\/wp-json\/wp\/v2\/pages"}],"about":[{"href":"https:\/\/www.publicaciones.unam.mx\/bibliotecadechapulin\/index.php\/wp-json\/wp\/v2\/types\/page"}],"author":[{"embeddable":true,"href":"https:\/\/www.publicaciones.unam.mx\/bibliotecadechapulin\/index.php\/wp-json\/wp\/v2\/users\/1"}],"replies":[{"embeddable":true,"href":"https:\/\/www.publicaciones.unam.mx\/bibliotecadechapulin\/index.php\/wp-json\/wp\/v2\/comments?post=2420"}],"version-history":[{"count":11,"href":"https:\/\/www.publicaciones.unam.mx\/bibliotecadechapulin\/index.php\/wp-json\/wp\/v2\/pages\/2420\/revisions"}],"predecessor-version":[{"id":2589,"href":"https:\/\/www.publicaciones.unam.mx\/bibliotecadechapulin\/index.php\/wp-json\/wp\/v2\/pages\/2420\/revisions\/2589"}],"wp:attachment":[{"href":"https:\/\/www.publicaciones.unam.mx\/bibliotecadechapulin\/index.php\/wp-json\/wp\/v2\/media?parent=2420"}],"curies":[{"name":"wp","href":"https:\/\/api.w.org\/{rel}","templated":true}]}}